)?
10
8 + -12 + (-3 - -9) - 1
1
Calculate 7 + 9 + (-22 - 4).
-10
What is (-1 - (7 - 2)) + 22 + -3?
13
Calculate (5 - 6) + 4 - (11 + -2 - 9).
3
Calculate -4 + 1 - -8 - (14 + -37).
28
(-10 - -6 - -20) + (-13 - (-6 - 2))
11
Calculate (12 - (5 + 0 + -1)) + 8.
16
Evaluate -12 - (-10 + (14 - 9)).
-7
12 + -8 - (-14 - -20)
-2
What is -155 - -200 - (12 + (5 - 1))?
29
What is -4 - ((-9 - 2) + (-68 - -89))?
-14
Calculate -10 + (57 - 37) + 10.
20
Calculate -48 + -1 - (46 - 62) - -3.
-30
-30 + 10 + 9 + 10 - 8
-9
Evaluate (-2 - -10) + (40 - 51) + -4 + 5.
-2
What is -2 - ((10 - 5) + -3 - 3)?
-1
Calculate (10 - 2) + -8 + -3 + -10.
-13
8 - ((34 - 43) + (1 - -9))
7
What is (16 - (16 - 9)) + (-7 - -4) + 7?
13
What is (8 - -13 - 11) + (3 - -21)?
34
Calculate 1 + 6 - (-26 - -24 - -16).
-7
What is the value of (18 - (-11 - -32)) + 16?
13
What is -6 + (-4 - -13) + 2 + -5 + -3?
-3
Calculate 0 + (8 - 1) - (-29 - (31 + -75)).
-8
What is (-1 - (11 - 13)) + 14?
15
What is 5 - ((-7 - -11) + (-19 - -17))?
3
What is 10 + (-9 + 1 - (0 + -4))?
6
What is (19 - (-20 + 11)) + 3 + -13?
18
What is -15 + (-7 - 13 - -22)?
-13
Calculate 15 - (3 + (2 - (0 - -1))).
11
-2 + 6 + -14 - (3 + (4 - 11))
-6
What is the value of -4 + (12 - -10) + (0 + -6 - -6)?
18
What is -12 - ((8 - 19) + -10)?
9
What is the value of -5 + (23 - (4 - -1 - 0)) + -5?
8
Calculate 0 - 14 - (302 - 272) - (-5 + 0).
-39
What is (-5 - 30) + -14 + -17 + 46?
-20
What is (2 + 4 - -8) + (8 - (10 + -4))?
16
Calculate 32 - (-24 + 71) - -28.
13
9 - 2 - (-48 + 49) - 18 - -35
23
What is (-28 - (-28 - -6)) + -1?
-7
Evaluate 19 + 5 + -10 + -3 - 9.
2
What is the value of (-1 + -6 - -1) + (-4 + 2 - -1)?
-7
Evaluate 307 + -298 - (10 - 1).
0
Calculate -2 + 9 + 17 + -32.
-8
11 - 10 - -13 - 7
7
Calculate 4 - ((15 - -6) + -25).
8
What is the value of 6 - (16 + 0 - 1)?
-9
-16 + -13 + 53 + -17
7
What is -5 - ((-10 - 2) + (19 - -9) + -30)?
9
Calculate -3 - -3 - -3 - -10.
13
Calculate -3 - ((3 - 7) + -2 - (7 + -10)).
0
1 + 2 + -2 + -2 + (-21 - -40)
18
Calculate -38 - -23 - (-7 + (0 - -4)).
-12
1 + -11 - (-463 - -470)
-17
Calculate (0 - -1) + -10 + (24 - 12) + -14.
-11
What is the value of ((8 - 6) + 2 + -9 - 8) + -8?
-21
What is the value of 1 + 15 + (-117 - -86)?
-15
What is -12 + 15 + 9 + -2 + -1 + 0?
9
Evaluate 0 - ((-3 - -2 - 5) + 5 - 5).
6
What is 0 + (21 - 16) - (2 + -1 + 17)?
-13
11 + (-12 - 1) + -15
-17
-32 - (-18 + 6 + -2 + 3)
-21
-38 - (-1 + 4 + (-17 - -11)) - -1
-34
Calculate -8 - ((-20 - (-7 + (7 - 12))) + 22).
-22
Evaluate (0 - 12) + (0 - -6) + 17 + -2.
9
-9 + -13 + 7 + 28 + -25
-12
Evaluate (6 - 1) + 8 + 5 + -17.
1
Evaluate -1 + 3 + -17 + (4 - -5) + 4.
-2
What is (30 - 13) + -8 + 2?
11
What is the value of -19 - (-52 - -23 - -29)?
-19
What is the value of (21 - (17 + -12 - (-1 + 3))) + -3?
15
What is 0 + 27 - (102 + -84)?
9
Calculate -8 + (0 - 0) - 4 - -34.
22
Evaluate -44 + (86 - (18 - -25)).
-1
What is -2 + (1 - -1) - (17 + -20 - -1)?
2
(3 + -4 - 1) + -4 + 10 + -8
-4
Evaluate -2 + (-4 + 0 - (-6 + -2)).
2
What is the value of -20 + -11 + 49 + -24?
-6
What is (-1 - -4) + 0 + 5 + (-6 - -5)?
7
Evaluate -6 + -15 + 17 + 5 + 1 - 20.
-18
What is (-13 + -7 + 17 - (0 - -5)) + -22?
-30
What is (-9 + 2 - ((-14 - -29) + -32)) + 3?
13
What is the value of (-8 - (-7 - -4)) + 15 + -48 + 39?
1
What is the value of -4 + 4 + 3 - (-3 + 4 - -5)?
-3
Calculate -2 + -40 + -23 + 45.
-20
-7 + 11 + 0 - 15
-11
Calculate (-8 - -10) + -1 + -1 + 4 + 5.
9
What is the value of (-4 - (-1 - (-5 - 4))) + 2 + 3?
-7
What is the value of (0 - 3) + 17 + (14 - (-2 + 2))?
28
What is the value of (13 - 0) + -398 + 352?
-33
Calculate 1 + -1 + 3 - (4 - -5 - 14).
8
Calculate -117 + 119 + (-2 - -2 - (7 + -2)).
-3
What is 14 + -7 + -12 + 1 + 11 + 26?
33
Evaluate -13 + 9 - -5 - (13 + -4).
-8
Evaluate -19 - (4 - (18 + -5)).
-10
What is the value of (33 + -33 - (-2 + 1)) + -12?
-11
What is (4 - (0 + 3) - (-1 - -10)) + 8?
0
Evaluate -17 + 39 - (21 - 1 - 8).
10
What is 14 - (21 + -25 + 9)?
9
Calculate (-24 - (8 - 12 - 1)) + 8.
-11
6 - (-1 + (2 - 2 - -5) + 12)
-10
Calculate 0 - (1 + (0 - -12) + 3) - -7.
-9
Evaluate -17 - 5 - (-1 - (-3 + 14)).
-10
What is (15 - 2) + -92 + 80 + -2?
-1
What is the value of (21 - 6) + -8 - 0?
7
What is (9 - (13 - 0)) + 19 - 4?
11
What is 16 + 10 + -2 + -29 - -20?
15
What is the value of (-5 - -20) + -8 + 1 + 6?
14
-9 - (8 + -5) - -15
3
Calculate -63 - (-70 + 11) - (0 + -26).
22
Evaluate (0 + -3 - -7 - 3) + -7.
-6
Evaluate -53 + 13 - (45 + -119).
34
Evaluate -15 + (2 - -7) + 0 + -6 + 5.
-7
What is the value of -4 - 0 - (7 - (1 - -8))?
-2
(3 + (-13 - -6) + 10 - 39) + -3
-36
26 + (-34 + 23 - 6)
9
Calculate (-8 + 21 - -3) + (-11 - (-9 - -3)).
11
Calculate (26 + -11 - 12) + -1.
2
Evaluate 0 + -1 - (6 + 1 + -16) - 10.
-2
What is 0 + (-2 + -2 - (5 + -3 + 1))?
-7
What is -10 + (25 - (13 - 15))?
17
What is the value of 9 - (85 - 34 - 28)?
-14
What is 13 + -27 + 6 - -5?
-3
2 + 33 - ((3 - (5 + -6)) + 5)
26
-18 + (51 - 16) - 7
10
10 + -11 + 5 + -2 - -3
5
What is -2 - (24 - (19 + -5))?
-12
-339 + 344 + 1 + 9 + -32
-17
Calculate 17 + 9 - 20 - -1.
7
(-3 + 11 + -6 - 2) + -5 - -9
4
22 + -23 + -2 + 6
3
Evaluate -5 + -6 + -2 + 17.
4
-3 + (-4 - 0) + -3 + 3 + 3
-4
Calculate -1 + (0 - 7) - (-22 + 17).
-3
Evaluate -18 - (20 + 37 + -43).
-32
2 + (-2 - -4) - (-3 - 3)
10
Evaluate (2 + (-4 - -6) - 9) + -2 + 1.
-6
What is the value of 18 - 18 - 4 - -18?
14
Evaluate (0 + -1 - (-6 + 1)) + (-1355 - -1366).
15
What is -7 + (-6 - -12) + -11 - -7?
-5
57 + -64 - (-3 + 1)
-5
Calculate 1 - (-2 + -4 + 34 + -21).
-6
Calculate 7 + -6 + 4 - ((6 - -3) + -4).
0
What is 2 - (25 - 0) - (12 + -25 + 7)?
-17
What is 107 + -65 + 0 + -28?
14
Calculate -3 + (13 - 1) + (-2 - (-5 + -3)).
15
-26 - (-40 + 80) - -37
-29
Evaluate 28 + (-2 - (-9 + 6)) + -3.
26
What is -1 + 5 + -15 - (-4 + -11)?
4
What is the value of (11 - (29 - 6) - -16) + -18?
-14
What is the value of 117 - 117 - (-2 + 3 + -32 + -2)?
33
What is the value of (231 - 239) + (8 - 5 - (0 - -1))?
-6
What is the value of 16 - 9 - -2 - 6?
3
What is -15 + 20 - (0 - -7)?
-2
Calculate -2 + 8 + 6 + -25 + -1.
-14
What is (-18 - -13) + -2 + -1 + (-8 - 6)?
-22
What is the value of -8 - (25 + -21 + -3)?
-9
What is the value of (-32 - -5) + (8 + 1 - (1 - 0))?
-19
Evaluate -29 - -20 - (-8 - 2 - 5).
6
What is the value of 4 + 2 - 35 - (18 + -24 - -8)?
-31
What is -2 + 14 + -64 + 49?
-3
What is the value of (1 + -8 - (10 + -40 + 31)) + -12?
-20
What is 19 + 1 + 1456 + -1465?
11
(-5 + (1 - -4) - 17) + (27 - 33)
-23
What is the value of 1 + (8 - 2) + (248 - 269)?
-14
What is 27 + -14 + -19 + 18 - -17?
29
Calculate (-20 - -6) + 9 + -17 + -6 - -6.
-22
Calculate (-3 + -15 - 1) + 13.
-6
Calculate (-1 - 12) + 7 - (-13 - -2).
5
What is -1 - 14 - 3 - (18 - 30)?
-6
Calculate 3 - ((-5 - -9) + -1 + -1) - 16.
-15
0 + -12 - (1098 + -1132)
22
What is -41 + 28 - (4 + -5 + -5)?
-7
What is -11 - (-21 + (3 - -8))?
-1
What is the value of 677 + -676 - (-2 + 11)?
-8
Evaluate -5 - 30 - -11 - -37.
13
Evaluate (4626 - 4612) + -13 + (1 - 1).
1
-15 + (4 - -3) + 17 + -22
-13
What is 57 + -88 - (9 - (-6 - -8))?
-38
What is -14 - -5 - (-13 - -11)?
-7
What is (39 - 37) + 3 + (-13 - -3) - -17?
12
What is the value of (-11 + 6 - (0 + -5)) + 14?
14
Evaluate 0 + -10 + -1 + -1 + 17.
5
(-5 + 8 - 4) + 19
18
What is 10 - (8 + -7) - (-8 - -2)?
15
What is the value of -14 + (34 - 13) - (26 - 2)?
-17
Calculate -5 - -16 - (19 + -28 + 38).
-18
What is the value of -17 + 13 - (0 + -9 + 2 + 0)?
3
What is the value of (-1 - -3) + 5 + -10?
-3
Calculate -72 + 83 - (4 + -1).
8
What is 8 + -2 - (-4 - (1 + -9 + 8))?
10
Evaluate (3 + 11 - 6) + -2 + -2.
4
Calculate 4 + 1 + 11 + -7.
9
Calculate (10 + 1 - 0) + (27 - 44).
-6
Evaluate 2 + (4 + -1 - (6 + -6 + -3)).
8
-2 + 0 + -10 + 8 - (-6 - 1)
3
Evaluate 5 + -8 + (17 - 21).
-7
Evaluate -10 - (-7 - (5 + -9)).
-7
Calculate -14 - (-7 + 9 - -4 - -1).
-21
Evaluate 14 - 14 - (7 + 10 - 10).
-7
(21 - 18) + -28 + -5 + 8
-22
Calculate (0 - 8) + 7 + 13 + 6.
18
What is the value of -2 + 11 + 11 + 2 + -34?
-12
Calculate 9 + 7 - (-3 + 11).
8
What is -16 + (15 - ((18 - 16) + -16))?
13
83 - 93 - (-7 + 3)
-6
What is the value of -113 - -105 - (-2 - ((-5 - -6) + -2))?
-7
What is the value of 0 + 7 + 0 - (14 + -12 + -4)?
9
(0 - -9) + (-24 - -1) + 358 + -376
-32
What is the v